{"id":280,"date":"2026-03-13T01:54:30","date_gmt":"2026-03-13T01:54:30","guid":{"rendered":"https:\/\/reginapazdur.pl\/?page_id=280"},"modified":"2026-03-15T12:27:36","modified_gmt":"2026-03-15T12:27:36","slug":"kpo-dla-kultury","status":"publish","type":"page","link":"https:\/\/reginapazdur.pl\/index.php\/kpo-dla-kultury\/","title":{"rendered":"KPO dla kultury"},"content":{"rendered":"\t\t<div data-elementor-type=\"wp-page\" data-elementor-id=\"280\" class=\"elementor elementor-280\">\n\t\t\t\t<div class=\"elementor-element elementor-element-5615a2b9 e-flex e-con-boxed e-con e-parent\" data-id=\"5615a2b9\" data-element_type=\"container\">\n\t\t\t\t\t<div class=\"e-con-inner\">\n\t\t\t\t<div class=\"elementor-element elementor-element-568eb554 elementor-widget elementor-widget-text-editor\" data-id=\"568eb554\" data-element_type=\"widget\" data-widget_type=\"text-editor.default\">\n\t\t\t\t\t\t\t\t\t\n<p>W ramach, trwaj\u0105cego sze\u015b\u0107 miesi\u0119cy Przedsi\u0119wzi\u0119cia (od wrze\u015bnia 2025 r. do lutego 2026 r.) zatytu\u0142owanego: &#8220;Rozw\u00f3j umi\u0119jetno\u015bci cyfrowych i artystycznych&#8221; stara\u0142am si\u0119 odnale\u017a\u0107 nowe sposoby prezentacji d\u00f3br kultury ludowej i tradycyjnej na \u017cywo i w Internecie a tak\u017ce rozwin\u0105\u0107 swoje umiej\u0119tno\u015bci artystyczne i cyfrowe. Odby\u0142am wizyty studyjne w dw\u00f3ch pracowniach artyst\u00f3w wizualnych. W sumie spotka\u0142am si\u0119 z czterema specjalistami z zakresu: video-artu, grafiki, ilustracji a tak\u017ce operatorstwa i monta\u017cu filmowego. W oparciu o zdobyt\u0105 wiedz\u0119 i fotografie archiwalne zwi\u0105zane z kultur\u0105 ludow\u0105 i tradycyjn\u0105, przygotowa\u0142am 22 videoarty (kola\u017ce video), kt\u00f3re zamie\u015bci\u0142am w sieci na osobistej stronie internetowej stworzonej w ramach projektu.<\/p>\n\n<p>Projekt zosta\u0142 dofinansowany w ramach funduszy Krajowego Planu Odbudowy i Zwi\u0119kszania Odporno\u015bci: program wspierania dzia\u0142alno\u015bci podmiot\u00f3w sektora kultury i przemys\u0142\u00f3w kreatywnych na rzecz stymulowania ich rozwoju.<\/p>\n\n<p>\u00a0<\/p>\n\t\t\t\t\t\t\t\t<\/div>\n\t\t\t\t\t<\/div>\n\t\t\t\t<\/div>\n\t\t\t\t<\/div>\n\t\t","protected":false},"excerpt":{"rendered":"<p>W ramach, trwaj\u0105cego sze\u015b\u0107 miesi\u0119cy Przedsi\u0119wzi\u0119cia (od wrze\u015bnia 2025 r. do lutego 2026 r.) zatytu\u0142owanego: &#8220;Rozw\u00f3j umi\u0119jetno\u015bci cyfrowych i artystycznych&#8221; stara\u0142am si\u0119 odnale\u017a\u0107 nowe sposoby prezentacji d\u00f3br kultury ludowej i tradycyjnej na \u017cywo i w Internecie a tak\u017ce rozwin\u0105\u0107 swoje umiej\u0119tno\u015bci artystyczne i cyfrowe. Odby\u0142am wizyty studyjne w dw\u00f3ch pracowniach artyst\u00f3w wizualnych. W sumie spotka\u0142am [&hellip;]<\/p>\n","protected":false},"author":1,"featured_media":423,"parent":0,"menu_order":0,"comment_status":"closed","ping_status":"closed","template":"","meta":{"footnotes":""},"class_list":["post-280","page","type-page","status-publish","has-post-thumbnail","hentry"],"_links":{"self":[{"href":"https:\/\/reginapazdur.pl\/index.php\/wp-json\/wp\/v2\/pages\/280","targetHints":{"allow":["GET"]}}],"collection":[{"href":"https:\/\/reginapazdur.pl\/index.php\/wp-json\/wp\/v2\/pages"}],"about":[{"href":"https:\/\/reginapazdur.pl\/index.php\/wp-json\/wp\/v2\/types\/page"}],"author":[{"embeddable":true,"href":"https:\/\/reginapazdur.pl\/index.php\/wp-json\/wp\/v2\/users\/1"}],"replies":[{"embeddable":true,"href":"https:\/\/reginapazdur.pl\/index.php\/wp-json\/wp\/v2\/comments?post=280"}],"version-history":[{"count":5,"href":"https:\/\/reginapazdur.pl\/index.php\/wp-json\/wp\/v2\/pages\/280\/revisions"}],"predecessor-version":[{"id":575,"href":"https:\/\/reginapazdur.pl\/index.php\/wp-json\/wp\/v2\/pages\/280\/revisions\/575"}],"wp:featuredmedia":[{"embeddable":true,"href":"https:\/\/reginapazdur.pl\/index.php\/wp-json\/wp\/v2\/media\/423"}],"wp:attachment":[{"href":"https:\/\/reginapazdur.pl\/index.php\/wp-json\/wp\/v2\/media?parent=280"}],"curies":[{"name":"wp","href":"https:\/\/api.w.org\/{rel}","templated":true}]}}